ulate (0 - 2) + 1 + 0.
-1
What is the value of -15 + 4 + -2 + 9?
-4
What is the value of 4 + (0 - 6) - (-1 + -5)?
4
3 + (1 - 1) - -2
5
What is the value of 4 - (-10 - -4 - -6)?
4
7 + 3 + -2 + -16 - -8
0
What is 2 + -7 + -3 + 5?
-3
8 + -7 + (2 + -2 - -2)
3
What is -10 + 3 + 11 + -8?
-4
What is the value of (4 - (0 + 5)) + 8?
7
Evaluate -1 - ((0 - 7 - -3) + 2).
1
What is the value of 7 + -1 - (243 - 231)?
-6
What is the value of 6 - 2 - 4 - -5?
5
What is -88 - -71 - (2 - 10)?
-9
Evaluate 9 + -5 + 0 + -5.
-1
Calculate -3 + (0 - -8) + 3 - 0.
8
What is the value of 13 - 12 - (7 + -1)?
-5
Evaluate (4 + -14 - 1) + 7.
-4
What is 6 + 2 + -6 + 4?
6
-10 + 7 - (5 - (2 - 2))
-8
What is the value of 12 + -8 + (3 - 2)?
5
(-2 - (5 + -7)) + 3 + 2
5
-11 + 11 - (-1 + 1 + 6)
-6
2 - (2 + -5 + 4 + 1)
0
2 - (-4 + 8 - 7 - -7)
-2
What is the value of -1 + 1 + 6 + (-8 - -7)?
5
(-1 - 4) + 1 + 4 + 3
3
-116 + 121 - (0 + -1 + 16)
-10
Evaluate 8 + -8 + 4 + -3.
1
Evaluate 3 + (-1 - 0 - -1).
3
What is the value of (0 - 5) + 2 + 4 - -4?
5
11 + 1 - (-26 - -42)
-4
What is 0 + -6 + -4 + 7 + 2?
-1
Calculate 9 - (-6 + 4 - -6 - 0).
5
Evaluate (1 - (7 - 9)) + -2 + -3.
-2
What is the value of 326 - 327 - (8 - (-1 - -1))?
-9
Calculate 2 - (4 - 2) - -4.
4
What is (-4 - -1 - -2) + 3?
2
Calculate -1 + (-4 + -6 + 5 - 1).
-7
What is the value of 0 - (4 + -7 - (0 + -1))?
2
Calculate 8 + -9 + -5 + -8 + 3.
-11
Calculate (-1 - -5 - -6) + -8.
2
Calculate (-28 - -32) + 0 + 5.
9
What is the value of 1 - (-10 + 8 - (1 + -12))?
-8
(7 - -6 - -1) + -10
4
What is the value of 5 + -6 + 12 + -4 + -11?
-4
What is (58 - 59) + 1 + 1?
1
-3 - -3 - (-1 - 6 - -4)
3
Evaluate (-2 - 5 - -2) + 4.
-1
(8 - 12) + -1 + 0 + 9
4
What is the value of (-6 - (-2 - -2)) + 2?
-4
Evaluate (-13 - -3) + 2 + -1 + 9.
0
(2 - -1) + (-1 - -1) - -1
4
Calculate 3 + (2 - 13) + (11 - 8).
-5
Calculate (4 - (0 + 2)) + 0.
2
What is (2 - -10 - 15) + 1 + -4?
-6
0 + 7 + (-10 - -10)
7
-4 + 4 - 3 - -7
4
Evaluate 0 - (4 - 0) - -3.
-1
What is the value of (-84 - -86) + (-2 - 0) + 3?
3
What is 5 - (-6 + 12 + 4)?
-5
(7 - (9 - 5)) + -4
-1
8 - (-2 - -3 - -2)
5
What is the value of -11 - (-3 + (-5 - 4))?
1
What is the value of (-8 - -5) + 5 + -4?
-2
Calculate 0 + -6 + (2 - -1) + 6.
3
What is the value of -1 + 0 + -6 + 1 - -3?
-3
Calculate (-8 - -2) + 0 + 1.
-5
What is -3 - (4 + -1 - (11 - 0))?
5
(13 - (5 - 11) - 6) + -7
6
Evaluate -8 - (-1 - (-2 + 4)) - -11.
6
What is the value of 3 - ((-11 - -7) + 3)?
4
Evaluate -13 + 2 + -1 - (-1 + -3).
-8
Calculate -5 + 3 - (-6 + 0 + 0).
4
Calculate -3 - (-13 + 3) - 3.
4
Calculate -1 - (-3 - -2) - (10 + -10).
0
What is the value of -3 + 6 - (-2 + (5 - 0))?
0
Evaluate (-5 - -1) + (5 + -4 - -4).
1
Calculate (-7 - -3) + (9 - 0).
5
(3 + -1 - 4) + -2
-4
What is 1 + -4 - -6 - -1?
4
What is (-6 - -2) + 5 + -3 + -3?
-5
What is 2 - 2 - (1 + 3)?
-4
(4 - 5 - -1 - 0) + 4
4
Evaluate 4 - 11 - (-1 - 2).
-4
1 - (-6 + -2 + (0 - -4))
5
What is the value of 2 + (5 - (8 + 4)) - 4?
-9
What is (-2 - 3) + (-11 - -11)?
-5
What is the value of 6 - 3 - (4 + 2)?
-3
Evaluate 0 + (6 - 7) - -3 - -5.
7
What is the value of (4 - 1 - 7) + 1 + 3?
0
What is -1 + 0 + -4 + (29 - 28)?
-4
(4 - (-2 - -2)) + -3 - 3
-2
Evaluate 0 + 1 - (-7 - -4).
4
Evaluate -4 + 2 + (3 - 3) - 1.
-3
Evaluate (2 - 1) + -4 + (-1 - 0).
-4
What is (-2 + 8 - 3) + (8 - 5)?
6
Calculate 42 + -30 + 4 + -12.
4
What is the value of -5 + -1 - (-5 + 4)?
-5
Calculate -9 + -3 + 2 + 5.
-5
Evaluate (11 - 5) + -11 - -2.
-3
Evaluate (14 - (-11 - -21)) + -10.
-6
Calculate (6 - 4) + 2 + -1 + 0.
3
Calculate 39 + -26 + -6 + 0 - 2.
5
What is -1 - (3 - (1 - -3))?
0
Evaluate -7 + -5 + 13 - (2 + -1).
0
1 + (3 - (-8 + 20 - 8))
0
Evaluate 0 - 11 - (-96 - -91).
-6
Evaluate 3 - (7 + 0) - (-5 + 1).
0
Evaluate 2 + (1 - (0 - -3)) + 3.
3
What is the value of 8 + (-2 - (4 + -2)) + -4?
0
Calculate -5 - (-1 + (-8 - -9)).
-5
What is the value of -8 - (4 - (10 + 5))?
3
Evaluate 1 + (0 - (2 + 0) - -2).
1
What is the value of 3 + -12 + 5 - -2?
-2
Evaluate -5 + (2 - 1 - (-11 + 8)).
-1
What is -2 - (-2 + -2 + (1 - 2))?
3
-3 - (11 - 2 - 15)
3
What is the value of -3 + -1 + (-4 + 8 - -2)?
2
Evaluate (-5 - 1) + (42 - 37).
-1
What is 7 - ((12 - 9) + 5 + 1)?
-2
What is 5 - (-6 - -5) - 7?
-1
Calculate -2 + (-2 - 5) + 5.
-4
Calculate 1 + -2 + -3 + 3.
-1
What is the value of 7 + 7 + -3 + -7?
4
What is the value of -1 + 0 + 1 + (10 - 8)?
2
What is the value of -12 - -2 - (25 + -27)?
-8
What is the value of (-2 - (2 - 4)) + (-47 - -38)?
-9
Evaluate 6 - 16 - 0 - -3.
-7
Calculate 4 - (12 + -4 + 1).
-5
Calculate -2 + 5 + -5 + 4.
2
What is -3 - (-10 - (4 + -7)) - 13?
-9
Evaluate (2 - (0 + 2)) + -13 + 9.
-4
(-1 - (0 - -1)) + 0
-2
Evaluate 178 + -168 + 0 + 1.
11
Evaluate 3 + -12 - (-2 - 5) - 7.
-9
What is 0 + -11 + 3 + 7?
-1
77 + -79 - (-1 + -2 - 1)
2
3 + 3 + -3 + -6
-3
What is (5 - 12) + 5 + (-1 - -5)?
2
What is 2 - ((5 - -2) + 2) - -4?
-3
Calculate 12 - 1 - (0 - -13).
-2
Evaluate 7 + (-15 - 3) - -6.
-5
Evaluate -3 + (0 - 0) + 1 + 2.
0
Evaluate 6 - (-2 - (0 + -1 - 5)).
2
32 + -35 - (1 + (-1 - -2))
-5
Evaluate 2 + -6 - (-1 - 3 - -1).
-1
-1 - 1 - (-138 - -136)
0
Evaluate (2 - (13 + -2 + -6)) + -5.
-8
What is the value of -8 + 5 + 10 + 0 + 1?
8
Evaluate ((-11 - -5) + 4 - -6) + -2.
2
-5 + (-3 - (2 - 5))
-5
1 + (0 + -3 - (-1 - 1))
0
What is the value of 0 - -1 - (1 - 2) - 0?
2
-1 + 3 + -5 + 7 - -1
5
Calculate (3 + 5 - 3) + -3 + 0.
2
4 + -2 - -4 - (-56 - -62)
0
(-2 - (11 - 9)) + -1
-5
Evaluate -7 + -1 + (6 - 2).
-4
What is the value of (0 - 3) + -2 + (8 - 0)?
3
What is the value of 4 - (-5 - (0 + 0 + -6))?
3
Calculate -18 - -15 - (-1 - 1 - 3).
2
(-2 - 5 - 8) + 22
7
Calculate -3 - (-4 - 0) - 0.
1
What is 2 + (2 - -2) + (-91 - -91)?
6
Calculate (2 - 4) + (-13 - -21).
6
-3 - (-5 + 8 + -6) - -8
8
What is the value of (3 - 2) + -9 - (-2 + -9)?
3
What is -9 + (4 - (-4 + 3)) - -5?
1
What is the value of 3 - (5 - -4 - (4 + 0))?
-2
-2 - (10 + -20 + 1)
7
(-1 - -4) + -9 + 8
2
What is the value of (31 - 26) + (-2 - 0) - 8?
-5
Calculate 3 + (0 - 0 - 4).
-1
-2 + 9 + -2 + (11 - 14)
2
Calculate 8 + 0 + 18 + -15 + -5.
6
What is the value of 5 + 6 + 1 + -8?
4
Evaluate -5 + 15 - (11 + 1).
-2
What is the value of -1 + 7 + (3 - 7)?
2
Calculate 28 + -31 - (1 - 8).
4
What is 2 - -1 - (2 - 3)?
4
Calculate 0 - -4 - (0 - -7).
-3
What is (2 - 6 - -4) + 4?
4
What is the value of 5 + (-4 - (-4 - -4))?
1
What is 5 + -3 + 1 - -5 - 3?
5
8 - 5 - (0 - -5) - 2
-4
Evaluate (2 - -13 - 11) + (0 - 0).
4
Evaluate (2 - 1) + 7 + -7.
1
Evaluate -4 + 0 + 18 + -16.
-2
Calculate -5 - ((-1 + -6 - 0) + 5).
-3
Calculate -1 + 4 + (-6 - (-3 + 5)).
-5
0 + 2 - (-3 + 3 - -6)
-4
Evaluate -1 + 0 - 0 - (-5 - -4).
0
Calculate 1 + (-3 - (-6 + 7 + 2)).
-5
Evaluate -7 + (0 - -1) + 111 + -107.
-2
What is 1 + -3 + (3 - 0) - 0?
1
What is the value of 12 + -15 + -1 + 7 + 0?
3
What is the value of -3 - (-5 - (-10 - -7 - -5))?
4
Calculate (7 - 11 - -4) + 3 + -1.
2
What is the value of -6 - 0 - (-31 + 31)?
-6
0 + 6 - 8 - -6 - 3
1
What is the value of 0 + (3 + -5 - 2)?
-4
Evaluate 5 + -6 + (3 - 2) + 8.
8
What is the value of 2 + -5 + (5 - 7 - -2)?
-3
Evaluate 3 - (6 + (8 - 14)).
3
What is -2 - (3 - 6) - (1 + 0)?
0
What is the value of (3 - (3 + 9)) + (9 - 9)?
-9
Evaluate (-4 - 1) + 4 - (0 + 3).
-4
-7 - 2 - (-5 + -1 - -3)
-6
What is -25 - -28 - (-1 + (1 - 0))?
3
Calculate -6 + 5 + 4 - 5.
-2
What is the value of (6 - 1) + -6 + -3?
-4
Evaluate 0 + -3 + (5 - (12 - 6)).
-4
Evaluate -8 + -9 + 15 - (2 - -4).
-8
(22 - 21) + 0 + -1
0
Evaluate 29 + -12 + 0 - 13.
4
Evaluate (-8 - -4 - -8) + (-1 - -1).
4
Calculate (0 + -3 - -6) + -6 - -4.
1
-1 - 0 - (-3 - -1)
1
Evaluate 3 + 3 + -6 - -3.
3
What is 0 + (-1 - 1 - -7)?
5
What is the value of 5 - (-10 + 9 + (0 - 0))?
6
What is the value of (-3 - 5 - 1) + 4?
-5
Evaluate 25 - 26 - (-3 - (2 + -13)).
-9
What is the value of -11 - (-11 + 6 - (-3 - -3))?
-6
Evaluate -9 - (5 + (-8 - 5)).
-1
What is the value of 2 + (0 - 3) - -4 - -1?
4
Calculate -6 + (0 - 1 - -2).
-5
3 - (-2 + (2 - 7) + 15)
-5
-1 + 1 + (13 - 8)
5
What is 21 - 26 - (0 - 4)?
-1
What is the value of -2 + 1 + -2 + 2?
-1
10 - (14 + -7 - 0)
3
Calculate -9 + 16 + -1 + (0 - 1).
5
What is the value of 3 - (7 - 3) - (-6 + 0)?
5
What is the value of 1 - 4 - -8 - -1 - 2?
4
What is the value of -5 - (4 + -3 + 5 + -12)?
1